{"id":20,"date":"2020-07-23T10:43:09","date_gmt":"2020-07-23T08:43:09","guid":{"rendered":"https:\/\/web1.hcathome.com\/site\/?page_id=20"},"modified":"2022-07-06T12:26:04","modified_gmt":"2022-07-06T10:26:04","slug":"zorg-en-behandeling","status":"publish","type":"page","link":"https:\/\/www.hcathome.com\/s\/?page_id=20","title":{"rendered":"Zorg en behandeling"},"content":{"rendered":"<p>[vc_row bottom_padding=&#8221;20&#8243;][vc_column width=&#8221;1\/1&#8243;]<h1 class=\"headline font-special fontsize-l fontweight-inherit lh-inherit align-left transform-inherit \" style=\"margin: 0 0 20px 0; color: #7db956;\">Zorg en behandeling<\/h1>[vc_column_text]HC@Home levert een gebruiksvriendelijke e-health oplossing waarmee pati\u00ebnten thuis kunnen worden behandeld door hun zorgverlener. Met de HC@Home app kunnen betrouwbare meetgegevens worden verzameld van de pati\u00ebnt over bijvoorbeeld bloeddruk, gewicht, activiteiten, temperatuur en zuurstofgehalte. Tevens kan de pati\u00ebnt educatieve modules doorlopen op zowel de app als de pati\u00ebnt portaal.[\/vc_column_text][\/vc_column][\/vc_row][vc_row bottom_padding=&#8221;40&#8243;][vc_column width=&#8221;1\/2&#8243;][vc_column_text]Pati\u00ebnt en zorgverlener kunnen in een beveiligde omgeving contact hebben met elkaar via berichten of beeldbellen. De zorgverlener kan ook op afstand de meetinstructies bijstellen en notificaties krijgen van afwijkende waarden.<\/p>\n<p>Alle instrumenten die aan het HC@Home platform zijn gekoppeld kunnen afhankelijk van het zorgpad in wisselende samenstelling ingezet worden. Hieronder staan een aantal veel voorkomende zorgpaden waarbij HC@Home wordt gebruikt.[\/vc_column_text][\/vc_column][vc_column width=&#8221;1\/2&#8243;][vc_single_image image=&#8221;450&#8243; img_size=&#8221;full&#8221;][\/vc_column][\/vc_row][vc_row][vc_column width=&#8221;1\/1&#8243;]<h1 class=\"headline font-special fontsize-l fontweight-inherit lh-inherit align-left transform-inherit \" style=\"margin: 0 0 20px 0; color: #7db956;\">Instrumenten<\/h1>[\/vc_column][\/vc_row][vc_row][vc_column el_class=&#8221;popmake-575&#8243; width=&#8221;1\/5&#8243;]<div class=\"imagebox wpb_content_element style-1\"><div class=\"imagebox-img\"><img decoding=\"async\" src=\"https:\/\/www.hcathome.com\/s\/wp-content\/uploads\/2020\/09\/HC_Iconenpakket2-14.jpg\" alt=\"\" \/><\/div>\n<h3 style=\"text-align: center;\">Weegschaal<\/h3>\n<\/div>[\/vc_column][vc_column el_class=&#8221;popmake-579&#8243; width=&#8221;1\/5&#8243;]<div class=\"imagebox wpb_content_element style-1\"><div class=\"imagebox-img\"><img decoding=\"async\" src=\"https:\/\/www.hcathome.com\/s\/wp-content\/uploads\/2020\/09\/HC_Iconenpakket2-15.jpg\" alt=\"\" \/><\/div>\n<h3 style=\"text-align: center;\">Bloeddruk<\/h3>\n<\/div>[\/vc_column][vc_column el_class=&#8221;popmake-581&#8243; width=&#8221;1\/5&#8243;]<div class=\"imagebox wpb_content_element style-1\"><div class=\"imagebox-img\"><img decoding=\"async\" src=\"https:\/\/www.hcathome.com\/s\/wp-content\/uploads\/2020\/09\/HC_Iconenpakket2-13.jpg\" alt=\"\" \/><\/div>\n<h3 style=\"text-align: center;\">Activiteiten<\/h3>\n<\/div>[\/vc_column][vc_column el_class=&#8221;popmake-586&#8243; width=&#8221;1\/5&#8243;]<div class=\"imagebox wpb_content_element style-1\"><div class=\"imagebox-img\"><img decoding=\"async\" src=\"https:\/\/www.hcathome.com\/s\/wp-content\/uploads\/2020\/09\/HC_Iconenpakket2-16.jpg\" alt=\"\" \/><\/div>\n<h3 style=\"text-align: center;\">Pulseoximeter<\/h3>\n<\/div>[\/vc_column][vc_column el_class=&#8221;popmake-588&#8243; width=&#8221;1\/5&#8243;]<div class=\"imagebox wpb_content_element style-1\"><div class=\"imagebox-img\"><img decoding=\"async\" src=\"https:\/\/www.hcathome.com\/s\/wp-content\/uploads\/2020\/09\/HC_Iconenpakket2-17.jpg\" alt=\"\" \/><\/div>\n<h3 style=\"text-align: center;\">Stappenteller<\/h3>\n<\/div>[\/vc_column][\/vc_row][vc_row top_padding=&#8221;40&#8243;][vc_column el_class=&#8221;popmake-592&#8243; width=&#8221;1\/5&#8243;]<div class=\"imagebox wpb_content_element style-1\"><div class=\"imagebox-img\"><img decoding=\"async\" src=\"https:\/\/www.hcathome.com\/s\/wp-content\/uploads\/2020\/09\/HC_Iconenpakket2-18.jpg\" alt=\"\" \/><\/div>\n<h3 style=\"text-align: center;\">Vragenlijst<\/h3>\n<\/div>[\/vc_column][vc_column el_class=&#8221;popmake-593&#8243; width=&#8221;1\/5&#8243;]<div class=\"imagebox wpb_content_element style-1\"><div class=\"imagebox-img\"><img decoding=\"async\" src=\"https:\/\/www.hcathome.com\/s\/wp-content\/uploads\/2020\/09\/HC_Iconenpakket2-19.jpg\" alt=\"\" \/><\/div>\n<h3 style=\"text-align: center;\">Digitale pati\u00ebntinformatie<\/h3>\n<\/div>[\/vc_column][vc_column el_class=&#8221;popmake-594&#8243; width=&#8221;1\/5&#8243;]<div class=\"imagebox wpb_content_element style-1\"><div class=\"imagebox-img\"><img decoding=\"async\" src=\"https:\/\/www.hcathome.com\/s\/wp-content\/uploads\/2020\/09\/HC_Iconenpakket2-20.jpg\" alt=\"\" \/><\/div>\n<h3 style=\"text-align: center;\">Temperatuur<\/h3>\n<\/div>[\/vc_column][vc_column el_class=&#8221;popmake-595&#8243; width=&#8221;1\/5&#8243;]<div class=\"imagebox wpb_content_element style-1\"><div class=\"imagebox-img\"><img decoding=\"async\" src=\"https:\/\/www.hcathome.com\/s\/wp-content\/uploads\/2020\/09\/HC_Iconenpakket2-21.jpg\" alt=\"\" \/><\/div>\n<h3 style=\"text-align: center;\">ECG<\/h3>\n<\/div>[\/vc_column][vc_column width=&#8221;1\/5&#8243;][\/vc_column][\/vc_row][vc_row][vc_column width=&#8221;1\/1&#8243;]<h1 class=\"headline font-special fontsize-l fontweight-inherit lh-inherit align-left transform-inherit \" style=\"margin: 0 0 20px 0; color: #7db956;\">Inzet HC@Home tijdens revalideren<\/h1>[\/vc_column][\/vc_row][vc_row bottom_padding=&#8221;20&#8243;][vc_column width=&#8221;1\/1&#8243;][vc_column_text]Pati\u00ebnten kunnen na een ingreep of behandeling met behulp van een activiteitenmeter met een persoonlijk vastgestelde intensiteit trainen. Bij elke training geeft een pati\u00ebnt ook een BORG score door.[\/vc_column_text][\/vc_column][\/vc_row][vc_row][vc_column width=&#8221;4\/6&#8243;][vc_column_text]De belangrijkste voordelen voor de pati\u00ebnt zijn:<\/p>\n<ul>\n<li>Inzicht krijgen in leefstijlaanpassingen<\/li>\n<li>Grote vrijheid in moment en plaats van training<\/li>\n<li>Eigen keuzemogelijkheid soort activiteiten<\/li>\n<li>Bewegen met vooraf gesteld hartslagdoel<\/li>\n<li>In een beveiligde omgeving contact kunnen hebben met de zorgverlener tijdens de behandeling<\/li>\n<\/ul>\n<p>[\/vc_column_text][\/vc_column][vc_column width=&#8221;1\/6&#8243;]<div class=\"imagebox wpb_content_element style-1\"><div class=\"imagebox-img\"><img decoding=\"async\" src=\"https:\/\/www.hcathome.com\/s\/wp-content\/uploads\/2020\/09\/HC_Iconenpakket2-13.jpg\" alt=\"\" \/><\/div>\n<p style=\"text-align: center;\">Activiteiten<\/p>\n<\/div>[\/vc_column][vc_column width=&#8221;1\/6&#8243;]<div class=\"imagebox wpb_content_element style-1\"><div class=\"imagebox-img\"><img decoding=\"async\" src=\"https:\/\/www.hcathome.com\/s\/wp-content\/uploads\/2020\/09\/HC_Iconenpakket2-19.jpg\" alt=\"\" \/><\/div>\n<p style=\"text-align: center;\">Digitale pati\u00ebntinformatie<\/p>\n<\/div>[\/vc_column][\/vc_row][vc_row top_padding=&#8221;40&#8243; bottom_padding=&#8221;10&#8243;][vc_column width=&#8221;1\/1&#8243;][vc_column_text]<\/p>\n<h4>Ervaring van pati\u00ebnten:<\/h4>\n<p>[\/vc_column_text][\/vc_column][\/vc_row][vc_row][vc_column width=&#8221;1\/2&#8243;]<div class=\"testimonial-wrap wpb_content_element\"><div class=\"testimonial\"><em>\u201cInzicht krijgen in de inspanning in verhouding tot de lichamelijke inspanning heeft mij inzicht en meer zekerheid gegeven.\u201d<\/em><\/div><div class=\"testimonial-author\">Man, 70 jaar<span><\/span><\/div><\/div>[\/vc_column][vc_column width=&#8221;1\/2&#8243;]<div class=\"testimonial-wrap wpb_content_element\"><div class=\"testimonial\"><em>\u201cDe digitale informatie die ik via het portaal kreeg aangeboden hielp me met het beter begrijpen van het revalidatieproces.\u201d<\/em><\/div><div class=\"testimonial-author\">Man, 68 jaar<span><\/span><\/div><\/div>[\/vc_column][\/vc_row][vc_row top_padding=&#8221;40&#8243; bottom_padding=&#8221;0&#8243;][vc_column width=&#8221;1\/1&#8243;][vc_separator border_width=&#8221;2&#8243;]<h1 class=\"headline font-special fontsize-l fontweight-inherit lh-inherit align-left transform-inherit \" style=\"margin: 0 0 20px 0; color: #7db956;\">Inzet HC@Home bij chronisch ziekte <\/h1>[\/vc_column][\/vc_row][vc_row bottom_padding=&#8221;20&#8243;][vc_column width=&#8221;1\/1&#8243;][vc_column_text]HC@Home wordt veelvuldig ingezet bij onder andere pati\u00ebnten met hartfalen. Met behulp van een draadloze weegschaal en bloeddrukmeter worden veranderingen van de lichamelijke conditie inzichtelijk gemaakt. Aanvullend kunnen thuis ECG opnamen worden gemaakt door de pati\u00ebnt.[\/vc_column_text][\/vc_column][\/vc_row][vc_row bottom_padding=&#8221;40&#8243;][vc_column width=&#8221;4\/6&#8243;][vc_column_text]De belangrijkste voordelen voor de pati\u00ebnt zijn:<\/p>\n<ul>\n<li>Bevordert regie op eigen gezondheid<\/li>\n<li>Monitoring van de gezondheid in de eigen omgeving<\/li>\n<li>Mogelijkheid om via een vragenlijst informatie over ziekte of behandeling te geven<\/li>\n<li>Behandeling tijdig bijsturen<\/li>\n<li>Verminderd (her)opnames en polibezoeken<\/li>\n<\/ul>\n<p>[\/vc_column_text][\/vc_column][vc_column width=&#8221;1\/6&#8243;]<div class=\"imagebox wpb_content_element style-1\"><div class=\"imagebox-img\"><img decoding=\"async\" src=\"https:\/\/www.hcathome.com\/s\/wp-content\/uploads\/2020\/09\/HC_Iconenpakket2-14.jpg\" alt=\"\" \/><\/div>\n<p style=\"text-align: center;\">Weegschaal<\/p>\n<\/div><div class=\"imagebox wpb_content_element style-1\"><div class=\"imagebox-img\"><img decoding=\"async\" src=\"https:\/\/www.hcathome.com\/s\/wp-content\/uploads\/2020\/09\/HC_Iconenpakket2-18.jpg\" alt=\"\" \/><\/div>\n<p style=\"text-align: center;\">Vragenlijst<\/p>\n<\/div>[\/vc_column][vc_column width=&#8221;1\/6&#8243;]<div class=\"imagebox wpb_content_element style-1\"><div class=\"imagebox-img\"><img decoding=\"async\" src=\"https:\/\/www.hcathome.com\/s\/wp-content\/uploads\/2020\/09\/HC_Iconenpakket2-15.jpg\" alt=\"\" \/><\/div>\n<p style=\"text-align: center;\">Bloeddruk<\/p>\n<\/div><div class=\"imagebox wpb_content_element style-1\"><div class=\"imagebox-img\"><img decoding=\"async\" src=\"https:\/\/www.hcathome.com\/s\/wp-content\/uploads\/2020\/09\/HC_Iconenpakket2-13.jpg\" alt=\"\" \/><\/div>\n<p style=\"text-align: center;\">Activiteiten<\/p>\n<\/div>[\/vc_column][\/vc_row][vc_row bottom_padding=&#8221;10&#8243;][vc_column width=&#8221;1\/1&#8243;][vc_column_text]<\/p>\n<h4>Ervaring van pati\u00ebnten:<\/h4>\n<p>[\/vc_column_text][\/vc_column][\/vc_row][vc_row][vc_column width=&#8221;1\/3&#8243;]<div class=\"testimonial-wrap wpb_content_element\"><div class=\"testimonial\"><em>\u201cHet geeft mij een zeker gevoel, ik word dagelijks gemonitord, zichtbaar resultaat, en het scheelt mij reizen naar het ziekenhuis.\u201d<\/em><\/div><div class=\"testimonial-author\">Man, 72 jaar<span><\/span><\/div><\/div>[\/vc_column][vc_column width=&#8221;1\/3&#8243;]<div class=\"testimonial-wrap wpb_content_element\"><div class=\"testimonial\"><em>\u201cHet idee dat er wordt meegekeken is op zich fijn omdat ik in de medische molen terecht kwam en mijn leven toch even op zijn kop stond.\u201d<\/em><\/div><div class=\"testimonial-author\">Man, 46 jaar<span><\/span><\/div><\/div>[\/vc_column][vc_column width=&#8221;1\/3&#8243;]<div class=\"testimonial-wrap wpb_content_element\"><div class=\"testimonial\"><em>\u201cEen enorme verrijking van ons zorgsysteem.\u201d<\/em><\/div><div class=\"testimonial-author\">Vrouw, 83 jaar<span><\/span><\/div><\/div>[\/vc_column][\/vc_row][vc_row top_padding=&#8221;40&#8243;][vc_column width=&#8221;1\/1&#8243;][vc_separator border_width=&#8221;2&#8243;]<h1 class=\"headline font-special fontsize-l fontweight-inherit lh-inherit align-left transform-inherit \" style=\"margin: 0 0 20px 0; color: #7db956;\">Inzet HC@Home bij preventieve zorg<\/h1>[\/vc_column][\/vc_row][vc_row bottom_padding=&#8221;20&#8243;][vc_column width=&#8221;1\/1&#8243;][vc_column_text]Om conditie verbetering te bevorderen, bijvoorbeeld voorafgaande aan een ingreep, kan HC@Home worden ingezet in de vorm van een activiteitenmeter, weegschaal en digitale voorlichting. De zorgverlener spreekt een doel af met de pati\u00ebnt zoals het op een bepaald niveau krijgen van zijn of haar BMI.[\/vc_column_text][\/vc_column][\/vc_row][vc_row bottom_padding=&#8221;40&#8243;][vc_column width=&#8221;4\/6&#8243;][vc_column_text]De belangrijkste voordelen voor de pati\u00ebnt zijn:<\/p>\n<ul>\n<li>Helpt de pati\u00ebnt inzicht te krijgen tijdens het veranderen van zijn of haar leefstijl<\/li>\n<li>Verhoogd het resultaat van de behandeling<\/li>\n<li>Eigen keuzemogelijkheid soort activiteiten<\/li>\n<li>De bekende \u201cstok achter de deur\u201d<\/li>\n<\/ul>\n<p>[\/vc_column_text][\/vc_column][vc_column width=&#8221;1\/6&#8243;]<div class=\"imagebox wpb_content_element style-1\"><div class=\"imagebox-img\"><img decoding=\"async\" src=\"https:\/\/www.hcathome.com\/s\/wp-content\/uploads\/2020\/09\/HC_Iconenpakket2-14.jpg\" alt=\"\" \/><\/div>\n<p style=\"text-align: center;\">Weegschaal<\/p>\n<\/div><div class=\"imagebox wpb_content_element style-1\"><div class=\"imagebox-img\"><img decoding=\"async\" src=\"https:\/\/www.hcathome.com\/s\/wp-content\/uploads\/2020\/09\/HC_Iconenpakket2-18.jpg\" alt=\"\" \/><\/div>\n<p style=\"text-align: center;\">Vragenlijst<\/p>\n<\/div>[\/vc_column][vc_column width=&#8221;1\/6&#8243;]<div class=\"imagebox wpb_content_element style-1\"><div class=\"imagebox-img\"><img decoding=\"async\" src=\"https:\/\/www.hcathome.com\/s\/wp-content\/uploads\/2020\/09\/HC_Iconenpakket2-13.jpg\" alt=\"\" \/><\/div>\n<p style=\"text-align: center;\">Activiteiten<\/p>\n<\/div><div class=\"imagebox wpb_content_element style-1\"><div class=\"imagebox-img\"><img decoding=\"async\" src=\"https:\/\/www.hcathome.com\/s\/wp-content\/uploads\/2020\/09\/HC_Iconenpakket2-19.jpg\" alt=\"\" \/><\/div>\n<p style=\"text-align: center;\">Digitale pati\u00ebntinformatie<\/p>\n<\/div>[\/vc_column][\/vc_row][vc_row bottom_padding=&#8221;40&#8243;][vc_column width=&#8221;1\/1&#8243;][vc_column_text]<\/p>\n<h4>Ervaring pati\u00ebnten:<\/h4>\n<p>[\/vc_column_text]<div class=\"testimonial-wrap wpb_content_element\"><div class=\"testimonial\"><em>\u201cHet systeem biedt goede mogelijkheden voor communicatie over de voortgang. Dit heeft mij goed geholpen bij de aanpassing van mijn leefstijl.\u201d<\/em><\/div><div class=\"testimonial-author\">Man, 66 jaar<span><\/span><\/div><\/div>[vc_column_text]<\/p>\n<h4>Ervaring professional:<\/h4>\n<p>[\/vc_column_text]<div class=\"testimonial-wrap wpb_content_element\"><div class=\"testimonial\"><em>\u201cEen beweegmeter is bij uitstek geschikt om pati\u00ebnten gemotiveerd te houden om voldoende in beweging te blijven. Het is een mooi steuntje in de rug. Zien wat je bereikt stimuleert en motiveert om vol te houden, want gedragsverandering is moeilijk en kost tijd. Als professional, met inzage in de meetgegevens, kunnen we op deze wijze pati\u00ebnten langer coachen.\u201d<\/em><\/div><div class=\"testimonial-author\">Angela Nieuwveld<span>leidinggevende Isala Leef- en beweegcentrum Zwolle<\/span><\/div><\/div>[\/vc_column][\/vc_row]<\/p>\n","protected":false},"excerpt":{"rendered":"<p>[vc_row bottom_padding=&#8221;20&#8243;][vc_column width=&#8221;1\/1&#8243;][vc_column_text]HC@Home levert een gebruiksvriendelijke e-health oplossing waarmee pati\u00ebnten thuis kunnen worden behandeld door hun zorgverlener. Met de HC@Home app kunnen betrouwbare meetgegevens worden verzameld van de pati\u00ebnt over bijvoorbeeld bloeddruk, gewicht, activiteiten, temperatuur en zuurstofgehalte. Tevens kan de pati\u00ebnt educatieve modules doorlopen op zowel de app als de pati\u00ebnt portaal.[\/vc_column_text][\/vc_column][\/vc_row][vc_row bottom_padding=&#8221;40&#8243;][vc_column width=&#8221;1\/2&#8243;][vc_column_text]Pati\u00ebnt en zorgverlener kunnen in een beveiligde omgeving contact hebben met elkaar via berichten of beeldbellen. De zorgverlener kan ook op afstand de meetinstructies bijstellen en notificaties krijgen van afwijkende waarden. Alle instrumenten die aan het HC@Home platform zijn gekoppeld kunnen afhankelijk van het zorgpad in wisselende samenstelling ingezet worden. Hieronder staan een aantal veel voorkomende zorgpaden waarbij HC@Home wordt gebruikt.[\/vc_column_text][\/vc_column][vc_column width=&#8221;1\/2&#8243;][vc_single_image image=&#8221;450&#8243; img_size=&#8221;full&#8221;][\/vc_column][\/vc_row][vc_row][vc_column width=&#8221;1\/1&#8243;][\/vc_column][\/vc_row][vc_row][vc_column el_class=&#8221;popmake-575&#8243; width=&#8221;1\/5&#8243;][\/vc_column][vc_column el_class=&#8221;popmake-579&#8243; width=&#8221;1\/5&#8243;][\/vc_column][vc_column el_class=&#8221;popmake-581&#8243; width=&#8221;1\/5&#8243;][\/vc_column][vc_column el_class=&#8221;popmake-586&#8243; width=&#8221;1\/5&#8243;][\/vc_column][vc_column el_class=&#8221;popmake-588&#8243; width=&#8221;1\/5&#8243;][\/vc_column][\/vc_row][vc_row top_padding=&#8221;40&#8243;][vc_column el_class=&#8221;popmake-592&#8243; width=&#8221;1\/5&#8243;][\/vc_column][vc_column el_class=&#8221;popmake-593&#8243; width=&#8221;1\/5&#8243;][\/vc_column][vc_column el_class=&#8221;popmake-594&#8243; width=&#8221;1\/5&#8243;][\/vc_column][vc_column el_class=&#8221;popmake-595&#8243; width=&#8221;1\/5&#8243;][\/vc_column][vc_column width=&#8221;1\/5&#8243;][\/vc_column][\/vc_row][vc_row][vc_column width=&#8221;1\/1&#8243;][\/vc_column][\/vc_row][vc_row bottom_padding=&#8221;20&#8243;][vc_column width=&#8221;1\/1&#8243;][vc_column_text]Pati\u00ebnten kunnen na een ingreep of behandeling met behulp van een activiteitenmeter met een persoonlijk vastgestelde intensiteit trainen. Bij elke training geeft een pati\u00ebnt ook een BORG score door.[\/vc_column_text][\/vc_column][\/vc_row][vc_row][vc_column width=&#8221;4\/6&#8243;][vc_column_text]De belangrijkste voordelen voor de pati\u00ebnt zijn: Inzicht krijgen in leefstijlaanpassingen Grote vrijheid in moment en plaats van training Eigen keuzemogelijkheid soort activiteiten Bewegen met vooraf gesteld hartslagdoel In een beveiligde [&hellip;]<\/p>\n","protected":false},"author":1,"featured_media":0,"parent":0,"menu_order":0,"comment_status":"closed","ping_status":"closed","template":"","meta":{"footnotes":""},"class_list":["post-20","page","type-page","status-publish","hentry"],"_links":{"self":[{"href":"https:\/\/www.hcathome.com\/s\/index.php?rest_route=\/wp\/v2\/pages\/20","targetHints":{"allow":["GET"]}}],"collection":[{"href":"https:\/\/www.hcathome.com\/s\/index.php?rest_route=\/wp\/v2\/pages"}],"about":[{"href":"https:\/\/www.hcathome.com\/s\/index.php?rest_route=\/wp\/v2\/types\/page"}],"author":[{"embeddable":true,"href":"https:\/\/www.hcathome.com\/s\/index.php?rest_route=\/wp\/v2\/users\/1"}],"replies":[{"embeddable":true,"href":"https:\/\/www.hcathome.com\/s\/index.php?rest_route=%2Fwp%2Fv2%2Fcomments&post=20"}],"version-history":[{"count":67,"href":"https:\/\/www.hcathome.com\/s\/index.php?rest_route=\/wp\/v2\/pages\/20\/revisions"}],"predecessor-version":[{"id":911,"href":"https:\/\/www.hcathome.com\/s\/index.php?rest_route=\/wp\/v2\/pages\/20\/revisions\/911"}],"wp:attachment":[{"href":"https:\/\/www.hcathome.com\/s\/index.php?rest_route=%2Fwp%2Fv2%2Fmedia&parent=20"}],"curies":[{"name":"wp","href":"https:\/\/api.w.org\/{rel}","templated":true}]}}